{"id":6540,"date":"2025-03-22T18:29:37","date_gmt":"2025-03-22T18:29:37","guid":{"rendered":"https:\/\/gallery-puzic.com\/?page_id=6540"},"modified":"2025-04-15T13:49:34","modified_gmt":"2025-04-15T13:49:34","slug":"viele-gruende-2-2","status":"publish","type":"page","link":"https:\/\/gallery-puzic.com\/en\/viele-gruende-2-2\/","title":{"rendered":"Viele Gr\u00fcnde 2"},"content":{"rendered":"<div data-elementor-type=\"wp-page\" data-elementor-id=\"6540\" class=\"elementor elementor-6540\">\n\t\t\t\t\t\t<section class=\"elementor-section elementor-top-section elementor-element elementor-element-61d58bd6 elementor-section-boxed elementor-section-height-default elementor-section-height-default\" data-id=\"61d58bd6\" data-element_type=\"section\" data-e-type=\"section\">\n\t\t\t\t\t\t<div class=\"elementor-container elementor-column-gap-default\">\n\t\t\t\t\t<div class=\"elementor-column elementor-col-100 elementor-top-column elementor-element elementor-element-24eb86a8\" data-id=\"24eb86a8\" data-element_type=\"column\" data-e-type=\"column\">\n\t\t\t<div class=\"elementor-widget-wrap elementor-element-populated\">\n\t\t\t\t\t\t<div class=\"elementor-element elementor-element-5adf1867 elementor-widget elementor-widget-text-editor\" data-id=\"5adf1867\" data-element_type=\"widget\" data-e-type=\"widget\" data-widget_type=\"text-editor.default\">\n\t\t\t\t<div class=\"elementor-widget-container\">\n\t\t\t\t\t\t\t\t\t<p>VIELE GR\u00dcNDE 2<\/p>\t\t\t\t\t\t\t\t<\/div>\n\t\t\t\t<\/div>\n\t\t\t\t\t<\/div>\n\t\t<\/div>\n\t\t\t\t\t<\/div>\n\t\t<\/section>\n\t\t\t\t<section class=\"elementor-section elementor-top-section elementor-element elementor-element-b030397 elementor-section-boxed elementor-section-height-default elementor-section-height-default\" data-id=\"b030397\" data-element_type=\"section\" data-e-type=\"section\">\n\t\t\t\t\t\t<div class=\"elementor-container elementor-column-gap-default\">\n\t\t\t\t\t<div class=\"elementor-column elementor-col-50 elementor-top-column elementor-element elementor-element-fc98753\" data-id=\"fc98753\" data-element_type=\"column\" data-e-type=\"column\">\n\t\t\t<div class=\"elementor-widget-wrap elementor-element-populated\">\n\t\t\t\t\t\t<div class=\"elementor-element elementor-element-8d2224e elementor-widget elementor-widget-text-editor\" data-id=\"8d2224e\" data-element_type=\"widget\" data-e-type=\"widget\" data-widget_type=\"text-editor.default\">\n\t\t\t\t<div class=\"elementor-widget-container\">\n\t\t\t\t\t\t\t\t\t<p><em>Ort: Gallery <\/em><em>Puzi\u0107, Johannis Strasse 3a und <\/em><em>Pop-Up Gallery <\/em><em>Puzi\u0107, Mainzer Strasse 23, SB<br \/><\/em>Dauer: 4. FEB \u2013 29. M\u00c4RZ<br \/>\u00d6ffnungszeiten: Do\/Sa 13h-18h, und nach Vereinbarung<\/p><p>Curator: Esad Puzic\u0301<br \/>Einf\u00fchrung: Johannes Birringer<\/p>\t\t\t\t\t\t\t\t<\/div>\n\t\t\t\t<\/div>\n\t\t\t\t<div class=\"elementor-element elementor-element-2b1b77d elementor-widget elementor-widget-text-editor\" data-id=\"2b1b77d\" data-element_type=\"widget\" data-e-type=\"widget\" data-widget_type=\"text-editor.default\">\n\t\t\t\t<div class=\"elementor-widget-container\">\n\t\t\t\t\t\t\t\t\t<p>Am Dienstag, den 4. Februar 2025, er\u00f6ffnete die Gallery Puzi\u0107 die neue Saison mit einer grossen Doppelausstellung in den R\u00e4umen der <strong>Johannis Strasse 3a<\/strong> und der Mainzer Strasse 23. Neue Konfigurationen gr\u00f6sserer und kleinerer Werke aus \u00ab<strong>Again\/Against Nature?<\/strong>\u00bb(on view at Johannisstrasse since November) and from <strong>past exhibitions<\/strong> await you - and surprise with new, unexpected perspectives.<\/p><p>This is the second edition of the silent sales exhibition format in also our <strong>Pop up gallery at Mainzer Strasse 23<\/strong>, wo die spannende Vielfalt der K\u00fcnstler und K\u00fcnstlerinnen, die von der Gallery Puzi\u0107 vertreten werden, einen faszinierenden kaleidoskopischen Effekt bewirkt.\u00a0<\/p><p class=\"p1\"><em><strong><span class=\"s1\">Magdalena Grandmontagne, Sidonie Bilger, Katharina Krenkel, Elizabeth Weckes, Min Clara Kim, Gudrun Emmert, Anna-Lena Sauer, Maru\u0161a \u0160tibelj, Kristina Bajilo, Carol Roberts, Chikako Kato, Judith Sturm, Cristina Barosso, Bojan \u0160umonja, Marko Jak\u0161e, Hugo Boguslawski, Matthias Brock, Matthias Surges, Andr\u00e9 Mail\u00e4nder, J\u00f6rg Mathias Munz, Jesse Magee, Trevor Sutton, Markus F. Strieder, Pit Molling, Victor van der Saar, Werner Richner, Roman Redzimski, Ivan Koci\u0107, Repy, Martin Steinert, Joachim Ickrath, O.W. Himmel, Andreas Streicher, Andy Feehan, Michael Ott, Bodo Korsig, Peter Wayne Lewis.<\/span><\/strong><\/em><\/p><p>Das Besondere an der gegenw\u00e4rtigen Ausstellung ist nicht nur, dass sie in zwei unterschiedlichen H\u00e4usern der Gallery Puzi\u0107 arrangiert ist, sondern dass der Kurator die H\u00e4ngung der Kunstwerke fortw\u00e4hrend ver\u00e4ndert.<\/p><p><img decoding=\"async\" class=\"aligncenter wp-image-6757 size-thumbnail\" src=\"https:\/\/gallery-puzic.com\/wp-content\/uploads\/2025\/04\/Boguslawski-Ausblick-2020-150x130-Oel-auf-Nessel-150x150.jpg\" alt=\"\" width=\"150\" height=\"150\" \/><\/p><h6><i>\u00a0 \u00a0 \u00a0 \u00a0 \u00a0 \u00a0 \u00a0 \u00a0 \u00a0 \u00a0 \u00a0 \u00a0 \u00a0 \u00a0Hugo Boguslawski, Ausblick, 150x130cm 2020<\/i><\/h6><h6><i><img decoding=\"async\" class=\"aligncenter wp-image-6755 size-thumbnail\" src=\"https:\/\/gallery-puzic.com\/wp-content\/uploads\/2025\/04\/Ott_new-object-0-150x150.jpg\" alt=\"\" width=\"150\" height=\"150\" \/><\/i><\/h6><h6><i>\u00a0 \u00a0 \u00a0 \u00a0 \u00a0 \u00a0 \u00a0 \u00a0 \u00a0 \u00a0 \u00a0 \u00a0 \u00a0 \u00a0 \u00a0 \u00a0 \u00a0 \u00a0 \u00a0 \u00a0 \u00a0 \u00a0 \u00a0Michael Ott, Holzobjekt, 2025<img fetchpriority=\"high\" decoding=\"async\" class=\"aligncenter size-medium wp-image-6756\" src=\"https:\/\/gallery-puzic.com\/wp-content\/uploads\/2025\/04\/Schwarz-300x172.jpg\" alt=\"\" width=\"300\" height=\"172\" srcset=\"https:\/\/gallery-puzic.com\/wp-content\/uploads\/2025\/04\/Schwarz-300x172.jpg 300w, https:\/\/gallery-puzic.com\/wp-content\/uploads\/2025\/04\/Schwarz-1024x587.jpg 1024w, https:\/\/gallery-puzic.com\/wp-content\/uploads\/2025\/04\/Schwarz-768x441.jpg 768w, https:\/\/gallery-puzic.com\/wp-content\/uploads\/2025\/04\/Schwarz-1536x881.jpg 1536w, https:\/\/gallery-puzic.com\/wp-content\/uploads\/2025\/04\/Schwarz-2048x1175.jpg 2048w, https:\/\/gallery-puzic.com\/wp-content\/uploads\/2025\/04\/Schwarz-18x10.jpg 18w\" sizes=\"(max-width: 300px) 100vw, 300px\" \/><\/i><\/h6><p>\u00a0 \u00a0 \u00a0 \u00a0 Michael Julius Schwarz, Gem\u00e4lde aus der Priester &amp; Gottes Serie<\/p>\t\t\t\t\t\t\t\t<\/div>\n\t\t\t\t<\/div>\n\t\t\t\t\t<\/div>\n\t\t<\/div>\n\t\t\t\t<div class=\"elementor-column elementor-col-50 elementor-top-column elementor-element elementor-element-ef4bc9c\" data-id=\"ef4bc9c\" data-element_type=\"column\" data-e-type=\"column\">\n\t\t\t<div class=\"elementor-widget-wrap elementor-element-populated\">\n\t\t\t\t\t\t<div class=\"elementor-element elementor-element-0dce55a elementor-widget elementor-widget-image\" data-id=\"0dce55a\" data-element_type=\"widget\" data-e-type=\"widget\" data-widget_type=\"image.default\">\n\t\t\t\t<div class=\"elementor-widget-container\">\n\t\t\t\t\t\t\t\t\t\t\t\t\t\t\t<img loading=\"lazy\" decoding=\"async\" width=\"800\" height=\"580\" src=\"https:\/\/gallery-puzic.com\/wp-content\/uploads\/2024\/10\/Mainzerstr-PM-Sumonjakse-1024x742.jpg\" class=\"attachment-large size-large wp-image-5174\" alt=\"\" srcset=\"https:\/\/gallery-puzic.com\/wp-content\/uploads\/2024\/10\/Mainzerstr-PM-Sumonjakse-1024x742.jpg 1024w, https:\/\/gallery-puzic.com\/wp-content\/uploads\/2024\/10\/Mainzerstr-PM-Sumonjakse-300x217.jpg 300w, https:\/\/gallery-puzic.com\/wp-content\/uploads\/2024\/10\/Mainzerstr-PM-Sumonjakse-768x557.jpg 768w, https:\/\/gallery-puzic.com\/wp-content\/uploads\/2024\/10\/Mainzerstr-PM-Sumonjakse-1536x1113.jpg 1536w, https:\/\/gallery-puzic.com\/wp-content\/uploads\/2024\/10\/Mainzerstr-PM-Sumonjakse-2048x1484.jpg 2048w, https:\/\/gallery-puzic.com\/wp-content\/uploads\/2024\/10\/Mainzerstr-PM-Sumonjakse-18x12.jpg 18w\" sizes=\"(max-width: 800px) 100vw, 800px\" \/>\t\t\t\t\t\t\t\t\t\t\t\t\t\t\t<\/div>\n\t\t\t\t<\/div>\n\t\t\t\t\t<\/div>\n\t\t<\/div>\n\t\t\t\t\t<\/div>\n\t\t<\/section>\n\t\t\t\t<\/div>","protected":false},"excerpt":{"rendered":"<p>VIELE GR\u00dcNDE 2 Ort: Gallery Puzi\u0107, Johannis Strasse 3a und Pop-Up Galerie Puzi\u0107, Mainzer Strasse 23, SBDauer: 4. FEB \u2013 29. M\u00c4RZ\u00d6ffnungszeiten: Do\/Sa 13h-18h, und nach Vereinbarung Kurator: Esad Puzic\u0301Einf\u00fchrung: Johannes Birringer Am Dienstag, den 4. Februar 2025, er\u00f6ffnete die Gallery Puzi\u0107 die neue Saison mit einer grossen Doppelausstellung in den R\u00e4umen der Johannis Strasse [&hellip;]<\/p>\n","protected":false},"author":1,"featured_media":0,"parent":0,"menu_order":0,"comment_status":"closed","ping_status":"closed","template":"","meta":{"footnotes":""},"class_list":["post-6540","page","type-page","status-publish","hentry"],"_links":{"self":[{"href":"https:\/\/gallery-puzic.com\/en\/wp-json\/wp\/v2\/pages\/6540","targetHints":{"allow":["GET"]}}],"collection":[{"href":"https:\/\/gallery-puzic.com\/en\/wp-json\/wp\/v2\/pages"}],"about":[{"href":"https:\/\/gallery-puzic.com\/en\/wp-json\/wp\/v2\/types\/page"}],"author":[{"embeddable":true,"href":"https:\/\/gallery-puzic.com\/en\/wp-json\/wp\/v2\/users\/1"}],"replies":[{"embeddable":true,"href":"https:\/\/gallery-puzic.com\/en\/wp-json\/wp\/v2\/comments?post=6540"}],"version-history":[{"count":16,"href":"https:\/\/gallery-puzic.com\/en\/wp-json\/wp\/v2\/pages\/6540\/revisions"}],"predecessor-version":[{"id":6767,"href":"https:\/\/gallery-puzic.com\/en\/wp-json\/wp\/v2\/pages\/6540\/revisions\/6767"}],"wp:attachment":[{"href":"https:\/\/gallery-puzic.com\/en\/wp-json\/wp\/v2\/media?parent=6540"}],"curies":[{"name":"wp","href":"https:\/\/api.w.org\/{rel}","templated":true}]}}

Viele Gründe 2

<div data-elementor-type="wp-page" data-elementor-id="6540" class="elementor elementor-6540">
						<section class="elementor-section elementor-top-section elementor-element elementor-element-61d58bd6 elementor-section-boxed elementor-section-height-default elementor-section-height-default" data-id="61d58bd6" data-element_type="section" data-e-type="section">
						<div class="elementor-container elementor-column-gap-default">
					<div class="elementor-column elementor-col-100 elementor-top-column elementor-element elementor-element-24eb86a8" data-id="24eb86a8" data-element_type="column" data-e-type="column">
			<div class="elementor-widget-wrap elementor-element-populated">
						<div class="elementor-element elementor-element-5adf1867 elementor-widget elementor-widget-text-editor" data-id="5adf1867" data-element_type="widget" data-e-type="widget" data-widget_type="text-editor.default">
				<div class="elementor-widget-container">
									<p>VIELE GRÜNDE 2</p>								</div>
				</div>
					</div>
		</div>
					</div>
		</section>
				<section class="elementor-section elementor-top-section elementor-element elementor-element-b030397 elementor-section-boxed elementor-section-height-default elementor-section-height-default" data-id="b030397" data-element_type="section" data-e-type="section">
						<div class="elementor-container elementor-column-gap-default">
					<div class="elementor-column elementor-col-50 elementor-top-column elementor-element elementor-element-fc98753" data-id="fc98753" data-element_type="column" data-e-type="column">
			<div class="elementor-widget-wrap elementor-element-populated">
						<div class="elementor-element elementor-element-8d2224e elementor-widget elementor-widget-text-editor" data-id="8d2224e" data-element_type="widget" data-e-type="widget" data-widget_type="text-editor.default">
				<div class="elementor-widget-container">
									<p><em>Ort: Gallery </em><em>Puzić, Johannis Strasse 3a und </em><em>Pop-Up Gallery </em><em>Puzić, Mainzer Strasse 23, SB<br /></em>Dauer: 4. FEB – 29. MÄRZ<br />Öffnungszeiten: Do/Sa 13h-18h, und nach Vereinbarung</p><p>Curator: Esad Puzić<br />Einführung: Johannes Birringer</p>								</div>
				</div>
				<div class="elementor-element elementor-element-2b1b77d elementor-widget elementor-widget-text-editor" data-id="2b1b77d" data-element_type="widget" data-e-type="widget" data-widget_type="text-editor.default">
				<div class="elementor-widget-container">
									<p>Am Dienstag, den 4. Februar 2025, eröffnete die Gallery Puzić die neue Saison mit einer grossen Doppelausstellung in den Räumen der <strong>Johannis Strasse 3a</strong> und der Mainzer Strasse 23. Neue Konfigurationen grösserer und kleinerer Werke aus «<strong>Again/Against Nature?</strong>»(on view at Johannisstrasse since November) and from <strong>past exhibitions</strong> await you - and surprise with new, unexpected perspectives.</p><p>This is the second edition of the silent sales exhibition format in also our <strong>Pop up gallery at Mainzer Strasse 23</strong>, wo die spannende Vielfalt der Künstler und Künstlerinnen, die von der Gallery Puzić vertreten werden, einen faszinierenden kaleidoskopischen Effekt bewirkt. </p><p class="p1"><em><strong><span class="s1">Magdalena Grandmontagne, Sidonie Bilger, Katharina Krenkel, Elizabeth Weckes, Min Clara Kim, Gudrun Emmert, Anna-Lena Sauer, Maruša Štibelj, Kristina Bajilo, Carol Roberts, Chikako Kato, Judith Sturm, Cristina Barosso, Bojan Šumonja, Marko Jakše, Hugo Boguslawski, Matthias Brock, Matthias Surges, André Mailänder, Jörg Mathias Munz, Jesse Magee, Trevor Sutton, Markus F. Strieder, Pit Molling, Victor van der Saar, Werner Richner, Roman Redzimski, Ivan Kocić, Repy, Martin Steinert, Joachim Ickrath, O.W. Himmel, Andreas Streicher, Andy Feehan, Michael Ott, Bodo Korsig, Peter Wayne Lewis.</span></strong></em></p><p>Das Besondere an der gegenwärtigen Ausstellung ist nicht nur, dass sie in zwei unterschiedlichen Häusern der Gallery Puzić arrangiert ist, sondern dass der Kurator die Hängung der Kunstwerke fortwährend verändert.</p><p><img decoding="async" class="aligncenter wp-image-6757 size-thumbnail" src="https://gallery-puzic.com/wp-content/uploads/2025/04/Boguslawski-Ausblick-2020-150x130-Oel-auf-Nessel-150x150.jpg" alt="" width="150" height="150" /></p><h6><i>                           Hugo Boguslawski, Ausblick, 150x130cm 2020</i></h6><h6><i><img decoding="async" class="aligncenter wp-image-6755 size-thumbnail" src="https://gallery-puzic.com/wp-content/uploads/2025/04/Ott_new-object-0-150x150.jpg" alt="" width="150" height="150" /></i></h6><h6><i>                                             Michael Ott, Holzobjekt, 2025<img fetchpriority="high" decoding="async" class="aligncenter size-medium wp-image-6756" src="https://gallery-puzic.com/wp-content/uploads/2025/04/Schwarz-300x172.jpg" alt="" width="300" height="172" srcset="https://gallery-puzic.com/wp-content/uploads/2025/04/Schwarz-300x172.jpg 300w, https://gallery-puzic.com/wp-content/uploads/2025/04/Schwarz-1024x587.jpg 1024w, https://gallery-puzic.com/wp-content/uploads/2025/04/Schwarz-768x441.jpg 768w, https://gallery-puzic.com/wp-content/uploads/2025/04/Schwarz-1536x881.jpg 1536w, https://gallery-puzic.com/wp-content/uploads/2025/04/Schwarz-2048x1175.jpg 2048w, https://gallery-puzic.com/wp-content/uploads/2025/04/Schwarz-18x10.jpg 18w" sizes="(max-width: 300px) 100vw, 300px" /></i></h6><p>        Michael Julius Schwarz, Gemälde aus der Priester &amp; Gottes Serie</p>								</div>
				</div>
					</div>
		</div>
				<div class="elementor-column elementor-col-50 elementor-top-column elementor-element elementor-element-ef4bc9c" data-id="ef4bc9c" data-element_type="column" data-e-type="column">
			<div class="elementor-widget-wrap elementor-element-populated">
						<div class="elementor-element elementor-element-0dce55a elementor-widget elementor-widget-image" data-id="0dce55a" data-element_type="widget" data-e-type="widget" data-widget_type="image.default">
				<div class="elementor-widget-container">
															<img loading="lazy" decoding="async" width="800" height="580" src="https://gallery-puzic.com/wp-content/uploads/2024/10/Mainzerstr-PM-Sumonjakse-1024x742.jpg" class="attachment-large size-large wp-image-5174" alt="" srcset="https://gallery-puzic.com/wp-content/uploads/2024/10/Mainzerstr-PM-Sumonjakse-1024x742.jpg 1024w, https://gallery-puzic.com/wp-content/uploads/2024/10/Mainzerstr-PM-Sumonjakse-300x217.jpg 300w, https://gallery-puzic.com/wp-content/uploads/2024/10/Mainzerstr-PM-Sumonjakse-768x557.jpg 768w, https://gallery-puzic.com/wp-content/uploads/2024/10/Mainzerstr-PM-Sumonjakse-1536x1113.jpg 1536w, https://gallery-puzic.com/wp-content/uploads/2024/10/Mainzerstr-PM-Sumonjakse-2048x1484.jpg 2048w, https://gallery-puzic.com/wp-content/uploads/2024/10/Mainzerstr-PM-Sumonjakse-18x12.jpg 18w" sizes="(max-width: 800px) 100vw, 800px" />															</div>
				</div>
					</div>
		</div>
					</div>
		</section>
				</div>

<p>VIELE GRÜNDE 2 Ort: Gallery Puzić, Johannis Strasse 3a und Pop-Up Galerie Puzić, Mainzer Strasse 23, SBDauer: 4. FEB – 29. MÄRZÖffnungszeiten: Do/Sa 13h-18h, und nach Vereinbarung Kurator: Esad PuzićEinführung: Johannes Birringer Am Dienstag, den 4. Februar 2025, eröffnete die Gallery Puzić die neue Saison mit einer grossen Doppelausstellung in den Räumen der Johannis Strasse [&hellip;]</p>
