{"id":1575,"date":"2023-09-05T08:21:15","date_gmt":"2023-09-05T08:21:15","guid":{"rendered":"https:\/\/gallery-puzic.com\/?page_id=1575"},"modified":"2023-09-05T16:04:31","modified_gmt":"2023-09-05T16:04:31","slug":"viele-gruende","status":"publish","type":"page","link":"https:\/\/gallery-puzic.com\/en\/viele-gruende\/","title":{"rendered":"\u00abViele Gr\u00fcnde\u00bb"},"content":{"rendered":"<p><\/p>\n\n\n\n<p><img fetchpriority=\"high\" decoding=\"async\" width=\"320\" height=\"213\" class=\"wp-image-1535\" style=\"width: 320px;\" src=\"https:\/\/gallery-puzic.com\/wp-content\/uploads\/2023\/08\/Mailaender-und-room1-scaled.jpg\" alt=\"\" srcset=\"https:\/\/gallery-puzic.com\/wp-content\/uploads\/2023\/08\/Mailaender-und-room1-scaled.jpg 2560w, https:\/\/gallery-puzic.com\/wp-content\/uploads\/2023\/08\/Mailaender-und-room1-300x200.jpg 300w, https:\/\/gallery-puzic.com\/wp-content\/uploads\/2023\/08\/Mailaender-und-room1-1024x683.jpg 1024w, https:\/\/gallery-puzic.com\/wp-content\/uploads\/2023\/08\/Mailaender-und-room1-768x512.jpg 768w, https:\/\/gallery-puzic.com\/wp-content\/uploads\/2023\/08\/Mailaender-und-room1-1536x1024.jpg 1536w, https:\/\/gallery-puzic.com\/wp-content\/uploads\/2023\/08\/Mailaender-und-room1-2048x1366.jpg 2048w\" sizes=\"(max-width: 320px) 100vw, 320px\" \/> <img decoding=\"async\" width=\"319\" height=\"213\" class=\"wp-image-1582\" style=\"width: 319px;\" src=\"https:\/\/gallery-puzic.com\/wp-content\/uploads\/2023\/09\/Room-2-with-Kocic-scaled.jpg\" alt=\"\" srcset=\"https:\/\/gallery-puzic.com\/wp-content\/uploads\/2023\/09\/Room-2-with-Kocic-scaled.jpg 2560w, https:\/\/gallery-puzic.com\/wp-content\/uploads\/2023\/09\/Room-2-with-Kocic-300x200.jpg 300w, https:\/\/gallery-puzic.com\/wp-content\/uploads\/2023\/09\/Room-2-with-Kocic-1024x683.jpg 1024w, https:\/\/gallery-puzic.com\/wp-content\/uploads\/2023\/09\/Room-2-with-Kocic-768x512.jpg 768w, https:\/\/gallery-puzic.com\/wp-content\/uploads\/2023\/09\/Room-2-with-Kocic-1536x1025.jpg 1536w, https:\/\/gallery-puzic.com\/wp-content\/uploads\/2023\/09\/Room-2-with-Kocic-2048x1366.jpg 2048w\" sizes=\"(max-width: 319px) 100vw, 319px\" \/><\/p>\n\n\n\n<p>Eine Sonderausstellung mit Verkauf.<\/p>\n\n\n\n<p><strong><em>Vernissage: Dienstag, 12. September 18:oo<\/em><\/strong><\/p>\n\n\n\n<p><strong><em>Ausstellung ist ge\u00f6ffnet:<\/em><\/strong> <strong><em>Mittwoch, 13.September \u2013 Samstag, 16. Sepember 2023<\/em><\/strong>  &#8211;  <strong><em>14:00 \u2013 19:00 Uh<\/em><\/strong>r<\/p>\n\n\n\n<p><\/p>\n\n\n\n<p>Gallery Puzi\u0107 l\u00e4dt Sie herzlich ein zu einem ersten Highlight nach der Sommerpause: die stille Ausstellung gr\u00f6sserer und kleinerer Kunstwerke verschiedener ausgew\u00e4hlter K\u00fcnstler und K\u00fcnstlerinnen. Dieses Ausstellungsevent wird besondere Aufmerksamkeit auch auf K\u00fcnstler:innen aus dem Saarland und unserer Region richten, und sicherlich werden Sie einige oder mehrere Gr\u00fcnde finden, bei dieser aufregenden Septemberwoche mitzumachen. Wir halten \u00dcberraschungen bereit.<\/p>\n\n\n\n<p>Ein Gastvortrag zur <strong>Vernissage am 12. September (ab 18:oo)<\/strong> wird sich ausserdem mit den neuesten Entwicklungen der digitalen Kunst und der K\u00fcnstlichen Intelligenz (Artificial Intelligence) besch\u00e4ftigen, vorbereitet von der K\u00fcnstlerin und Theologin Vera Maria Zapp, die sich mit dieser kontroversen Materie auseinandersetzt.<\/p>\n\n\n\n<p class=\"has-contrast-color has-text-color\">Das spannende Spektrum der ausgestellten Kunst umfasst Werke von: <em>Silke Br\u00f6sskamp, Matthias Brock, O.W. Himmel, Katharina Krenkel, Gega Paksashvili, Kristina Bajilo, Repy Zdravko, <em>Ivan Koci\u0107<\/em>,<\/em> <em>Mensud\u00a0 Ke<\/em>\u010d<em>o<\/em>, <em>Judith Sturm, J\u00f6rg Munz, und Andr\u00e9 Mail\u00e4nder.<\/em><\/p>\n\n\n\n<p>Wir d\u00fcrfen alle Kunstliebhaber und Sammler herzlich einladen &nbsp;und &nbsp;freuen uns auf Ihren Besuch.<\/p>","protected":false},"excerpt":{"rendered":"<p>Eine Sonderausstellung mit Verkauf. Vernissage: Dienstag, 12. September 18:oo Ausstellung ist ge\u00f6ffnet: Mittwoch, 13.September \u2013 Samstag, 16. Sepember 2023 &#8211; 14:00 \u2013 19:00 Uhr Gallery Puzi\u0107 l\u00e4dt Sie herzlich ein zu einem ersten Highlight nach der Sommerpause: die stille Ausstellung gr\u00f6sserer und kleinerer Kunstwerke verschiedener ausgew\u00e4hlter K\u00fcnstler und K\u00fcnstlerinnen. Dieses Ausstellungsevent wird besondere Aufmerksamkeit auch [&hellip;]<\/p>\n","protected":false},"author":2,"featured_media":0,"parent":0,"menu_order":0,"comment_status":"closed","ping_status":"closed","template":"","meta":{"footnotes":""},"class_list":["post-1575","page","type-page","status-publish","hentry"],"_links":{"self":[{"href":"https:\/\/gallery-puzic.com\/en\/wp-json\/wp\/v2\/pages\/1575","targetHints":{"allow":["GET"]}}],"collection":[{"href":"https:\/\/gallery-puzic.com\/en\/wp-json\/wp\/v2\/pages"}],"about":[{"href":"https:\/\/gallery-puzic.com\/en\/wp-json\/wp\/v2\/types\/page"}],"author":[{"embeddable":true,"href":"https:\/\/gallery-puzic.com\/en\/wp-json\/wp\/v2\/users\/2"}],"replies":[{"embeddable":true,"href":"https:\/\/gallery-puzic.com\/en\/wp-json\/wp\/v2\/comments?post=1575"}],"version-history":[{"count":5,"href":"https:\/\/gallery-puzic.com\/en\/wp-json\/wp\/v2\/pages\/1575\/revisions"}],"predecessor-version":[{"id":1587,"href":"https:\/\/gallery-puzic.com\/en\/wp-json\/wp\/v2\/pages\/1575\/revisions\/1587"}],"wp:attachment":[{"href":"https:\/\/gallery-puzic.com\/en\/wp-json\/wp\/v2\/media?parent=1575"}],"curies":[{"name":"wp","href":"https:\/\/api.w.org\/{rel}","templated":true}]}}

«Viele Gründe»

<p></p>



<p><img fetchpriority="high" decoding="async" width="320" height="213" class="wp-image-1535" style="width: 320px;" src="https://gallery-puzic.com/wp-content/uploads/2023/08/Mailaender-und-room1-scaled.jpg" alt="" srcset="https://gallery-puzic.com/wp-content/uploads/2023/08/Mailaender-und-room1-scaled.jpg 2560w, https://gallery-puzic.com/wp-content/uploads/2023/08/Mailaender-und-room1-300x200.jpg 300w, https://gallery-puzic.com/wp-content/uploads/2023/08/Mailaender-und-room1-1024x683.jpg 1024w, https://gallery-puzic.com/wp-content/uploads/2023/08/Mailaender-und-room1-768x512.jpg 768w, https://gallery-puzic.com/wp-content/uploads/2023/08/Mailaender-und-room1-1536x1024.jpg 1536w, https://gallery-puzic.com/wp-content/uploads/2023/08/Mailaender-und-room1-2048x1366.jpg 2048w" sizes="(max-width: 320px) 100vw, 320px" /> <img decoding="async" width="319" height="213" class="wp-image-1582" style="width: 319px;" src="https://gallery-puzic.com/wp-content/uploads/2023/09/Room-2-with-Kocic-scaled.jpg" alt="" srcset="https://gallery-puzic.com/wp-content/uploads/2023/09/Room-2-with-Kocic-scaled.jpg 2560w, https://gallery-puzic.com/wp-content/uploads/2023/09/Room-2-with-Kocic-300x200.jpg 300w, https://gallery-puzic.com/wp-content/uploads/2023/09/Room-2-with-Kocic-1024x683.jpg 1024w, https://gallery-puzic.com/wp-content/uploads/2023/09/Room-2-with-Kocic-768x512.jpg 768w, https://gallery-puzic.com/wp-content/uploads/2023/09/Room-2-with-Kocic-1536x1025.jpg 1536w, https://gallery-puzic.com/wp-content/uploads/2023/09/Room-2-with-Kocic-2048x1366.jpg 2048w" sizes="(max-width: 319px) 100vw, 319px" /></p>



<p>Eine Sonderausstellung mit Verkauf.</p>



<p><strong><em>Vernissage: Dienstag, 12. September 18:oo</em></strong></p>



<p><strong><em>Ausstellung ist geöffnet:</em></strong> <strong><em>Mittwoch, 13.September – Samstag, 16. Sepember 2023</em></strong>  &#8211;  <strong><em>14:00 – 19:00 Uh</em></strong>r</p>



<p></p>



<p>Gallery Puzić lädt Sie herzlich ein zu einem ersten Highlight nach der Sommerpause: die stille Ausstellung grösserer und kleinerer Kunstwerke verschiedener ausgewählter Künstler und Künstlerinnen. Dieses Ausstellungsevent wird besondere Aufmerksamkeit auch auf Künstler:innen aus dem Saarland und unserer Region richten, und sicherlich werden Sie einige oder mehrere Gründe finden, bei dieser aufregenden Septemberwoche mitzumachen. Wir halten Überraschungen bereit.</p>



<p>Ein Gastvortrag zur <strong>Vernissage am 12. September (ab 18:oo)</strong> wird sich ausserdem mit den neuesten Entwicklungen der digitalen Kunst und der Künstlichen Intelligenz (Artificial Intelligence) beschäftigen, vorbereitet von der Künstlerin und Theologin Vera Maria Zapp, die sich mit dieser kontroversen Materie auseinandersetzt.</p>



<p class="has-contrast-color has-text-color">Das spannende Spektrum der ausgestellten Kunst umfasst Werke von: <em>Silke Brösskamp, Matthias Brock, O.W. Himmel, Katharina Krenkel, Gega Paksashvili, Kristina Bajilo, Repy Zdravko, <em>Ivan Kocić</em>,</em> <em>Mensud  Ke</em>č<em>o</em>, <em>Judith Sturm, Jörg Munz, und André Mailänder.</em></p>



<p>Wir dürfen alle Kunstliebhaber und Sammler herzlich einladen &nbsp;und &nbsp;freuen uns auf Ihren Besuch.</p>

<p>Eine Sonderausstellung mit Verkauf. Vernissage: Dienstag, 12. September 18:oo Ausstellung ist geöffnet: Mittwoch, 13.September – Samstag, 16. Sepember 2023 &#8211; 14:00 – 19:00 Uhr Gallery Puzić lädt Sie herzlich ein zu einem ersten Highlight nach der Sommerpause: die stille Ausstellung grösserer und kleinerer Kunstwerke verschiedener ausgewählter Künstler und Künstlerinnen. Dieses Ausstellungsevent wird besondere Aufmerksamkeit auch [&hellip;]</p>
