{"id":1005,"date":"2023-05-08T08:44:52","date_gmt":"2023-05-08T08:44:52","guid":{"rendered":"https:\/\/gallery-puzic.com\/?page_id=1005"},"modified":"2023-10-03T13:57:11","modified_gmt":"2023-10-03T13:57:11","slug":"vergangene-ausstellungen","status":"publish","type":"page","link":"https:\/\/gallery-puzic.com\/en\/vergangene-ausstellungen\/","title":{"rendered":"Vergangene Ausstellungen"},"content":{"rendered":"<p><\/p>\n\n\n\n<p><\/p>\n\n\n\n<p><\/p>\n\n\n\n<div class=\"wp-block-columns are-vertically-aligned-top has-background is-layout-flex wp-container-core-columns-is-layout-7466b548 wp-block-columns-is-layout-flex\" style=\"border-width:2px;background-color:#dddede;padding-top:var(--wp--preset--spacing--30);padding-right:var(--wp--preset--spacing--30);padding-bottom:var(--wp--preset--spacing--30);padding-left:var(--wp--preset--spacing--30)\">\n<div class=\"wp-block-column is-vertically-aligned-top is-layout-flow wp-block-column-is-layout-flow\" style=\"flex-basis:33.33%\">\n<p style=\"font-size:20px\"><strong>13.0<\/strong>6.<strong> &#8211; 11.07.2023<\/strong><\/p>\n<\/div>\n\n\n\n<div class=\"wp-block-column is-vertically-aligned-top is-layout-flow wp-block-column-is-layout-flow\" style=\"flex-basis:66.66%\">\n<p class=\"has-contrast-color has-text-color has-link-color wp-elements-62fe2e6f4658fbfffa8ca9162758f2da\" style=\"font-size:20px\"><strong><a href=\"https:\/\/gallery-puzic.com\/en\/vernissage-im-osten-nichts-neues\/\">Im Osten nichts Neues<\/a><\/strong><br>Gega Paksashvili, Kristina Bajilo, Alina Panasenko, Mensud Ke\u010do, Esad Puzi\u0107, Gordana Novakovi\u0107, Rastko Novakovi\u0107 &amp; Beatri\u010d\u0117 Bukantyt\u0117, and Armine Vosganian,<br>with &#8222;Re-Vernisssage&#8220; Konzerten arrangiert von Grigor Asmaryan<\/p>\n<\/div>\n<\/div>\n\n\n\n<div class=\"wp-block-columns are-vertically-aligned-top has-background is-layout-flex wp-container-core-columns-is-layout-7466b548 wp-block-columns-is-layout-flex\" style=\"border-width:2px;background-color:#dddede;padding-top:var(--wp--preset--spacing--30);padding-right:var(--wp--preset--spacing--30);padding-bottom:var(--wp--preset--spacing--30);padding-left:var(--wp--preset--spacing--30)\">\n<div class=\"wp-block-column is-vertically-aligned-top is-layout-flow wp-block-column-is-layout-flow\" style=\"flex-basis:33.33%\">\n<p style=\"font-size:20px\"><strong>30.0<\/strong>4.<strong> &#8211; 10.06.2023<\/strong><\/p>\n<\/div>\n\n\n\n<div class=\"wp-block-column is-vertically-aligned-top is-layout-flow wp-block-column-is-layout-flow\" style=\"flex-basis:66.66%\">\n<p class=\"has-contrast-color has-text-color has-link-color wp-elements-89b44480abbb4cd6f8ae85f88f70334d\" style=\"font-size:20px\"><strong>Silke Br\u00f6sskamp<\/strong><br><strong>Matthias Brock<\/strong><br><\/p>\n<\/div>\n<\/div>\n\n\n\n<div class=\"wp-block-columns are-vertically-aligned-top has-background is-layout-flex wp-container-core-columns-is-layout-7466b548 wp-block-columns-is-layout-flex\" style=\"border-width:2px;background-color:#dddede;padding-top:var(--wp--preset--spacing--30);padding-right:var(--wp--preset--spacing--30);padding-bottom:var(--wp--preset--spacing--30);padding-left:var(--wp--preset--spacing--30)\">\n<div class=\"wp-block-column is-vertically-aligned-top is-layout-flow wp-block-column-is-layout-flow\" style=\"flex-basis:33.33%\">\n<p style=\"font-size:20px\"><strong>12.02<\/strong>.<strong> &#8211; 08.03.2023<\/strong><\/p>\n<\/div>\n\n\n\n<div class=\"wp-block-column is-vertically-aligned-top is-layout-flow wp-block-column-is-layout-flow\" style=\"flex-basis:66.66%\">\n<p class=\"has-contrast-color has-text-color has-link-color wp-elements-ff573f28816d7dca2145f09fe3224a7e\" style=\"font-size:20px\"><strong><a href=\"https:\/\/gallery-puzic.com\/en\/unkonventionell\/\" data-type=\"URL\" data-id=\"https:\/\/gallery-puzic.com\/unkonventionell\/\">UNKONVENTIONELL<\/a><\/strong><br>Karin Magar<br>Kathrin Lambert<\/p>\n<\/div>\n<\/div>\n\n\n\n<div class=\"wp-block-columns are-vertically-aligned-top has-background is-layout-flex wp-container-core-columns-is-layout-7466b548 wp-block-columns-is-layout-flex\" style=\"border-width:2px;background-color:#dddede;padding-top:var(--wp--preset--spacing--30);padding-right:var(--wp--preset--spacing--30);padding-bottom:var(--wp--preset--spacing--30);padding-left:var(--wp--preset--spacing--30)\">\n<div class=\"wp-block-column is-vertically-aligned-top is-layout-flow wp-block-column-is-layout-flow\" style=\"flex-basis:33.33%\">\n<p style=\"font-size:20px\"><strong>07.12. &#8211; 12.02.2023<\/strong><\/p>\n<\/div>\n\n\n\n<div class=\"wp-block-column is-vertically-aligned-top is-layout-flow wp-block-column-is-layout-flow\" style=\"flex-basis:66.66%\">\n<p class=\"has-contrast-color has-text-color has-link-color wp-elements-a264f6fe6fd8ff96b05421a7c0810573\" style=\"font-size:20px\"><strong>Repy<\/strong><\/p>\n<\/div>\n<\/div>\n\n\n\n<div class=\"wp-block-columns are-vertically-aligned-top has-background is-layout-flex wp-container-core-columns-is-layout-7466b548 wp-block-columns-is-layout-flex\" style=\"border-width:2px;background-color:#dddede;padding-top:var(--wp--preset--spacing--30);padding-right:var(--wp--preset--spacing--30);padding-bottom:var(--wp--preset--spacing--30);padding-left:var(--wp--preset--spacing--30)\">\n<div class=\"wp-block-column is-vertically-aligned-top is-layout-flow wp-block-column-is-layout-flow\" style=\"flex-basis:33.33%\">\n<p style=\"font-size:20px\"><strong>30.06. &#8211; 07.12.2022<\/strong><\/p>\n<\/div>\n\n\n\n<div class=\"wp-block-column is-vertically-aligned-top is-layout-flow wp-block-column-is-layout-flow\" style=\"flex-basis:66.66%\">\n<p class=\"has-contrast-color has-text-color has-link-color wp-elements-a6cade9752c389cda8f263230bf68a01\" style=\"font-size:20px\"><strong>ER\u00d6FFNUNGSAUSSTELLUNG<\/strong><br>Ivan Koci\u0107<br>Martin Steinert<br>Michael Julius Schwarz<br>Odilo Weber<br>Silke Br\u00f6sskamp<\/p>\n<\/div>\n<\/div>\n\n\n\n<div style=\"height:100px\" aria-hidden=\"true\" class=\"wp-block-spacer\"><\/div>\n\n\n\n<div class=\"wp-block-buttons is-content-justification-center is-layout-flex wp-container-core-buttons-is-layout-a89b3969 wp-block-buttons-is-layout-flex\">\n<div class=\"wp-block-button is-style-outline is-style-outline--1\"><a class=\"wp-block-button__link has-base-background-color has-background wp-element-button\" href=\"https:\/\/gallery-puzic.com\/en\/matthias-brock-silke-broesskamp\/\">Aktuelle Ausstellung<\/a><\/div>\n<\/div>\n\n\n\n<div style=\"height:100px\" aria-hidden=\"true\" class=\"wp-block-spacer\"><\/div>","protected":false},"excerpt":{"rendered":"<p>13.06. &#8211; 11.07.2023 Im Osten nichts NeuesGega Paksashvili, Kristina Bajilo, Alina Panasenko, Mensud Ke\u010do, Esad Puzi\u0107, Gordana Novakovi\u0107, Rastko Novakovi\u0107 &amp; Beatri\u010d\u0117 Bukantyt\u0117, and Armine Vosganian,with &#8222;Re-Vernisssage&#8220; Konzerten arrangiert von Grigor Asmaryan 30.04. &#8211; 10.06.2023 Silke Br\u00f6sskampMatthias Brock 12.02. &#8211; 08.03.2023 UNKONVENTIONELLKarin MagarKathrin Lambert 07.12. &#8211; 12.02.2023 Repy 30.06. &#8211; 07.12.2022 ER\u00d6FFNUNGSAUSSTELLUNGIvan Koci\u0107Martin SteinertMichael Julius [&hellip;]<\/p>\n","protected":false},"author":1,"featured_media":0,"parent":0,"menu_order":0,"comment_status":"closed","ping_status":"closed","template":"","meta":{"footnotes":""},"class_list":["post-1005","page","type-page","status-publish","hentry"],"_links":{"self":[{"href":"https:\/\/gallery-puzic.com\/en\/wp-json\/wp\/v2\/pages\/1005","targetHints":{"allow":["GET"]}}],"collection":[{"href":"https:\/\/gallery-puzic.com\/en\/wp-json\/wp\/v2\/pages"}],"about":[{"href":"https:\/\/gallery-puzic.com\/en\/wp-json\/wp\/v2\/types\/page"}],"author":[{"embeddable":true,"href":"https:\/\/gallery-puzic.com\/en\/wp-json\/wp\/v2\/users\/1"}],"replies":[{"embeddable":true,"href":"https:\/\/gallery-puzic.com\/en\/wp-json\/wp\/v2\/comments?post=1005"}],"version-history":[{"count":11,"href":"https:\/\/gallery-puzic.com\/en\/wp-json\/wp\/v2\/pages\/1005\/revisions"}],"predecessor-version":[{"id":2147,"href":"https:\/\/gallery-puzic.com\/en\/wp-json\/wp\/v2\/pages\/1005\/revisions\/2147"}],"wp:attachment":[{"href":"https:\/\/gallery-puzic.com\/en\/wp-json\/wp\/v2\/media?parent=1005"}],"curies":[{"name":"wp","href":"https:\/\/api.w.org\/{rel}","templated":true}]}}

<p></p>



<p></p>



<p></p>



<div class="wp-block-columns are-vertically-aligned-top has-background is-layout-flex wp-container-core-columns-is-layout-7466b548 wp-block-columns-is-layout-flex" style="border-width:2px;background-color:#dddede;padding-top:var(--wp--preset--spacing--30);padding-right:var(--wp--preset--spacing--30);padding-bottom:var(--wp--preset--spacing--30);padding-left:var(--wp--preset--spacing--30)">
<div class="wp-block-column is-vertically-aligned-top is-layout-flow wp-block-column-is-layout-flow" style="flex-basis:33.33%">
<p style="font-size:20px"><strong>13.0</strong>6.<strong> &#8211; 11.07.2023</strong></p>
</div>



<div class="wp-block-column is-vertically-aligned-top is-layout-flow wp-block-column-is-layout-flow" style="flex-basis:66.66%">
<p class="has-contrast-color has-text-color has-link-color wp-elements-62fe2e6f4658fbfffa8ca9162758f2da" style="font-size:20px"><strong><a href="https://gallery-puzic.com/en/vernissage-im-osten-nichts-neues/">Im Osten nichts Neues</a></strong><br>Gega Paksashvili, Kristina Bajilo, Alina Panasenko, Mensud Kečo, Esad Puzić, Gordana Novaković, Rastko Novaković &amp; Beatričė Bukantytė, and Armine Vosganian,<br>with &#8222;Re-Vernisssage&#8220; Konzerten arrangiert von Grigor Asmaryan</p>
</div>
</div>



<div class="wp-block-columns are-vertically-aligned-top has-background is-layout-flex wp-container-core-columns-is-layout-7466b548 wp-block-columns-is-layout-flex" style="border-width:2px;background-color:#dddede;padding-top:var(--wp--preset--spacing--30);padding-right:var(--wp--preset--spacing--30);padding-bottom:var(--wp--preset--spacing--30);padding-left:var(--wp--preset--spacing--30)">
<div class="wp-block-column is-vertically-aligned-top is-layout-flow wp-block-column-is-layout-flow" style="flex-basis:33.33%">
<p style="font-size:20px"><strong>30.0</strong>4.<strong> &#8211; 10.06.2023</strong></p>
</div>



<div class="wp-block-column is-vertically-aligned-top is-layout-flow wp-block-column-is-layout-flow" style="flex-basis:66.66%">
<p class="has-contrast-color has-text-color has-link-color wp-elements-89b44480abbb4cd6f8ae85f88f70334d" style="font-size:20px"><strong>Silke Brösskamp</strong><br><strong>Matthias Brock</strong><br></p>
</div>
</div>



<div class="wp-block-columns are-vertically-aligned-top has-background is-layout-flex wp-container-core-columns-is-layout-7466b548 wp-block-columns-is-layout-flex" style="border-width:2px;background-color:#dddede;padding-top:var(--wp--preset--spacing--30);padding-right:var(--wp--preset--spacing--30);padding-bottom:var(--wp--preset--spacing--30);padding-left:var(--wp--preset--spacing--30)">
<div class="wp-block-column is-vertically-aligned-top is-layout-flow wp-block-column-is-layout-flow" style="flex-basis:33.33%">
<p style="font-size:20px"><strong>12.02</strong>.<strong> &#8211; 08.03.2023</strong></p>
</div>



<div class="wp-block-column is-vertically-aligned-top is-layout-flow wp-block-column-is-layout-flow" style="flex-basis:66.66%">
<p class="has-contrast-color has-text-color has-link-color wp-elements-ff573f28816d7dca2145f09fe3224a7e" style="font-size:20px"><strong><a href="https://gallery-puzic.com/en/unkonventionell/" data-type="URL" data-id="https://gallery-puzic.com/unkonventionell/">UNKONVENTIONELL</a></strong><br>Karin Magar<br>Kathrin Lambert</p>
</div>
</div>



<div class="wp-block-columns are-vertically-aligned-top has-background is-layout-flex wp-container-core-columns-is-layout-7466b548 wp-block-columns-is-layout-flex" style="border-width:2px;background-color:#dddede;padding-top:var(--wp--preset--spacing--30);padding-right:var(--wp--preset--spacing--30);padding-bottom:var(--wp--preset--spacing--30);padding-left:var(--wp--preset--spacing--30)">
<div class="wp-block-column is-vertically-aligned-top is-layout-flow wp-block-column-is-layout-flow" style="flex-basis:33.33%">
<p style="font-size:20px"><strong>07.12. &#8211; 12.02.2023</strong></p>
</div>



<div class="wp-block-column is-vertically-aligned-top is-layout-flow wp-block-column-is-layout-flow" style="flex-basis:66.66%">
<p class="has-contrast-color has-text-color has-link-color wp-elements-a264f6fe6fd8ff96b05421a7c0810573" style="font-size:20px"><strong>Repy</strong></p>
</div>
</div>



<div class="wp-block-columns are-vertically-aligned-top has-background is-layout-flex wp-container-core-columns-is-layout-7466b548 wp-block-columns-is-layout-flex" style="border-width:2px;background-color:#dddede;padding-top:var(--wp--preset--spacing--30);padding-right:var(--wp--preset--spacing--30);padding-bottom:var(--wp--preset--spacing--30);padding-left:var(--wp--preset--spacing--30)">
<div class="wp-block-column is-vertically-aligned-top is-layout-flow wp-block-column-is-layout-flow" style="flex-basis:33.33%">
<p style="font-size:20px"><strong>30.06. &#8211; 07.12.2022</strong></p>
</div>



<div class="wp-block-column is-vertically-aligned-top is-layout-flow wp-block-column-is-layout-flow" style="flex-basis:66.66%">
<p class="has-contrast-color has-text-color has-link-color wp-elements-a6cade9752c389cda8f263230bf68a01" style="font-size:20px"><strong>ERÖFFNUNGSAUSSTELLUNG</strong><br>Ivan Kocić<br>Martin Steinert<br>Michael Julius Schwarz<br>Odilo Weber<br>Silke Brösskamp</p>
</div>
</div>



<div style="height:100px" aria-hidden="true" class="wp-block-spacer"></div>



<div class="wp-block-buttons is-content-justification-center is-layout-flex wp-container-core-buttons-is-layout-a89b3969 wp-block-buttons-is-layout-flex">
<div class="wp-block-button is-style-outline is-style-outline--1"><a class="wp-block-button__link has-base-background-color has-background wp-element-button" href="https://gallery-puzic.com/en/matthias-brock-silke-broesskamp/">Aktuelle Ausstellung</a></div>
</div>



<div style="height:100px" aria-hidden="true" class="wp-block-spacer"></div>

<p>13.06. &#8211; 11.07.2023 Im Osten nichts NeuesGega Paksashvili, Kristina Bajilo, Alina Panasenko, Mensud Kečo, Esad Puzić, Gordana Novaković, Rastko Novaković &amp; Beatričė Bukantytė, and Armine Vosganian,with &#8222;Re-Vernisssage&#8220; Konzerten arrangiert von Grigor Asmaryan 30.04. &#8211; 10.06.2023 Silke BrösskampMatthias Brock 12.02. &#8211; 08.03.2023 UNKONVENTIONELLKarin MagarKathrin Lambert 07.12. &#8211; 12.02.2023 Repy 30.06. &#8211; 07.12.2022 ERÖFFNUNGSAUSSTELLUNGIvan KocićMartin SteinertMichael Julius [&hellip;]</p>
